-2.
-2
Evaluate -1 + (-19 - -13) + (-3 - -4 - -4).
-2
Evaluate (-5 - 3 - (9 - 7 - 4)) + 9.
3
What is (5 + 1 + -8 - 4) + 3?
-3
Calculate -15 + -1 - (-24 + -5 + 38).
-25
-1949 - -1966 - (10 + 0 + 2 + -2)
7
What is -17 + -2 + -3 + (46 - 9) + -44?
-29
What is 400 - 376 - (-2 - -15)?
11
What is 12 + (18 - 9 - 28)?
-7
What is -18 + 16 + -9 + 8?
-3
Calculate (0 - 0 - 4) + 283 + -283 - -17.
13
4 - (11 - (2 + 3))
-2
-16 + 12 - (-20 + 8) - -8
16
What is (2 - (5 - 2)) + 45 + -61?
-17
What is 12 + (-17 - 12) + 2 - -40?
25
Calculate 16 + 22 + -3 + -22.
13
Evaluate -18 + 78 + -72 + 38 + 0.
26
Evaluate 3 + -10 + (-2 - 1).
-10
Calculate -11 - -1 - 0 - (-270 + 277).
-17
Evaluate 14 + 13 + -19 + (-2 - -1) + -1.
6
Evaluate (15 - (-16 + 49)) + (8 - -3).
-7
What is the value of -46 + 74 + -34 + 46?
40
What is (-76 - -117) + (-58 - -8)?
-9
What is (49 - 55) + 1 + 23?
18
What is the value of 14 - (-6 + 21 - 7)?
6
What is (25 - -33) + -25 - 25?
8
What is 18 + (2 - 18) + (1 - 2)?
1
What is the value of -6 - (3 + -5) - (0 - (0 - -6))?
2
What is the value of 7 + (-16 - (-26 + 12))?
5
3 - (-22 - (2 - 14))
13
Evaluate 30 - (26 - (-22 - -3)).
-15
What is the value of 1 + -2 - (6 + -5) - (-2 + 2)?
-2
What is (24 - (-13 - -31)) + -7?
-1
What is -11 + (6 - -4) - -6?
5
What is the value of 19 + -6 + ((-2 - -7) + -10 - -4)?
12
Evaluate (-10 - -22 - (-1 + 1)) + 0 + -10.
2
What is the value of (1 - 2) + (24 - 24) + 0?
-1
What is -1 + -7 - (53 - 16 - 14 - 3)?
-28
What is the value of (-10 + -3 - (71 + -79)) + (-1 - -20)?
14
What is -29 + 26 + (-6 - -1)?
-8
Calculate 4 + -4 + -14 + 36 + -21.
1
What is the value of 112 + -119 + 1 + 18?
12
What is the value of 5 + (29 - 7) + (-20 - -7)?
14
What is the value of (8 - -5) + (-6 - 9 - -5) - 7?
-4
What is 2 - 6 - (166 - 180) - (1 + 5)?
4
(13 - -2) + -3 - (-5 + 14)
3
(0 - -14) + (40 - 38)
16
Evaluate (-32 + -2 - -58) + -3.
21
Evaluate -46 - ((-13 - 0) + (120 - 110) + -7).
-36
Evaluate (6 - 6) + 10 + -1.
9
What is (2 - 8) + (6 - (-5 + -5) - 3)?
7
Evaluate (84 + -39 - 57) + 16.
4
What is 438 + -427 - (-4 + (1 - 3))?
17
-8 - (-20 + 7) - (0 - 0)
5
2 + 5 + 0 + (-131 - -128)
4
5 - (67 - 16 - 39)
-7
Calculate 1 + -1 + -1 + (17 - 12) - -6.
10
Calculate 11 + -7 + 10 + -11 - (20 + 8).
-25
What is the value of 5 + (-4 - (0 + 1 + -3) - -2)?
5
Calculate (-6 - (6 + -10)) + -4 + 1.
-5
Evaluate (4 - -32) + (-2 - (-5 - -4)).
35
Evaluate -12 + 9 + 67 + -34.
30
Evaluate (-125 - -112) + (14 - 1).
0
What is -298 - -296 - (8 + 2)?
-12
Evaluate -33 - -25 - (5 - -4 - 1).
-16
(1 - 0) + -1 - (127 - 115)
-12
(-34 - 10) + 34 - (-3 + -1)
-6
What is -6 - (-18 - -17) - -5?
0
Evaluate (2 - 14) + (3 - 3) + 19.
7
What is -7 + 7 + 1 + 1 + 1 + 0?
3
Calculate -15 - (-5 + 0 - (42 + -39)).
-7
What is the value of (10 - 18 - 7) + 26?
11
What is 15 - (-10 + 16 + 3) - (3 + -9)?
12
What is (-4 - -7) + (0 - 9 - -8) - 0?
2
-36 - -4 - (-29 + 0 + 15)
-18
Calculate 0 + 1 - (-17 + -2 + -4 - -11).
13
((1 - 2) + 3 - (2 - -15)) + 5
-10
What is the value of 7 - (3 - (-2 - (2 + 0)))?
0
(-3 + 2 - 3) + 9 + 48 + -23
30
Evaluate -25 - (-31 + -50 + 33).
23
What is the value of -20 - (-17 - (2 + -11))?
-12
2 + (-1 + -16 + 16 - (-2 - 0))
3
Evaluate -11 + (29 - (-4 - -13)) + -14.
-5
What is the value of 1 + (2 - (15 + -18))?
6
Evaluate (-241 - -251) + 4 + -5 + -35.
-26
What is the value of (-32 - -29 - -16) + -15?
-2
What is the value of (149 - 138) + 7 + -2 + 2?
18
What is 16 - (-9 - (15 + -37))?
3
Calculate 2 + (-8 + 9 - (5 + -6)).
4
Calculate -21 + 12 - 9 - 6.
-24
What is (79 - (69 - 35)) + (-17 - -2)?
30
-2 - 5 - 3 - -11 - 2
-1
(-1 - -16) + (-241 - -214)
-12
What is -19 - ((0 - 11 - 26) + 5)?
13
Calculate (14 - (-5 + 1)) + -9.
9
What is the value of -7 + (-7 - (-18 - (-1 + (7 - 7))))?
3
What is -329 - -341 - (5 - 0)?
7
What is the value of -18 - (2 + (-6 - (-12 - 11)) + -11)?
-26
Calculate (1 - -5 - (30 - 20)) + 8 + 2.
6
Calculate 18 - (-41 - -41) - 9.
9
Evaluate -7655 + 7668 + (18 - -1 - -1).
33
What is the value of 4 + 6 + -6 + -12 + 33?
25
Calculate -12 - -5 - (4 + 6 + 0 + 1).
-18
Evaluate 24 - (14 + (2 - 11)).
19
What is (-5 - -2) + (-1 - ((1 - -1) + 2))?
-8
Calculate -23 + (17 + -13 - -7) - (-2 + 1).
-11
Calculate 1 - (-4 - (-2 - -1) - (50 + -47)).
7
Evaluate (21 - (-14 + 7 - -8)) + -11 + 2.
11
What is the value of 2 - (-7 - (-4 - -1 - 0))?
6
What is the value of -24 + 8 + -24 + 18?
-22
Calculate 9 - (-20 - (-30 - -14)).
13
What is the value of (0 + -1 - (-16 + 13)) + -11 + -7?
-16
-19 - (3 + -2 + (-18 - -3))
-5
36 + 0 + (-10 - (15 - 18))
29
Evaluate -5 - (8 - (10 - (2 - -4) - 1)).
-10
What is the value of (30 + -7 - 16) + (-17 - -4) + 1?
-5
What is the value of 11 + (11 - 26) - (3 - (0 - 1))?
-8
What is the value of -3 + (-6 - (-7 - 5)) + -10 + 5?
-2
-2 + -18 - (-45 + 37) - -8
-4
Evaluate 8 - (4 - (0 - 1)).
3
Evaluate (-10 - 7) + 2 + (-7 - -7).
-15
(-4 - ((3 - 0) + -2)) + -20 + 15
-10
Calculate (13 - 0) + (-289 - -290).
14
What is 8 - (11 + 11 + -33)?
19
Evaluate 2 + 17 + -3 + 16 + 3.
35
Evaluate (-4 + -6 - -4) + 8 - 11.
-9
What is the value of 6 + (-6 - (5 + 4))?
-9
72 + -56 + (5 - 29)
-8
Evaluate (2 - (19 + -16 - -14)) + 23.
8
6 - (-1 - ((8 - 15 - 1) + -2))
-3
What is the value of 6 + -14 - 0 - -4?
-4
Calculate -34 + 19 - (-18 + 7).
-4
What is -6 + 6 + 0 - (-3 - (2 - -2))?
7
What is -11 + 7 - -5 - (2 - 12 - 3)?
14
What is -4 + -3 + (62 - (9 + 8))?
38
What is -1 - (1 + (6 - -3 - 4))?
-7
What is the value of (0 - (-26 - 3)) + (-12 - -9) + 5?
31
Calculate 4 - ((-4 - (5 - 5)) + 2 + -1).
7
What is the value of 108 + -88 - (14 + 11)?
-5
What is 23 - (-14 - 3 - -20)?
20
What is the value of -24 + 67 + -26 + (1 - 5)?
13
Evaluate -2 + (8 - 0) + 0 + (69 - 66).
9
What is (-3 + -23 - 20) + 35?
-11
Evaluate 2 + -11 - (166 + -169).
-6
Evaluate (-5 - -7) + (-6 - (3 + -11) - 44).
-40
What is the value of 7 - (-1 + 11 - (4 + 3 - 0))?
4
Calculate -2 + (11 - 2) + 0 - (-69 - -72).
4
What is the value of (-3 - -23) + (-24 - -9)?
5
What is 5 + -3 + 0 - (229 + -186)?
-41
10 - (-1 + 9 - (-8 - -10)) - -3
7
(-15 - (17 - 28)) + 6 + 2
4
Evaluate (-7 - 1) + (-14 - -52 - 6) + -12.
12
Evaluate -2 + -1 - ((-1 - 2) + 4).
-4
Calculate (8 - 2) + 6 + -10 - 3 - -1.
0
What is (11 - 4 - 2) + -21 + 27?
11
What is 5 - 7 - -30 - (23 + -35 + 14)?
26
What is the value of -30 + -7 + 54 + (-1 - (5 - -4))?
7
What is 44 + (-19 - -11) - 36?
0
Evaluate -1 + (6 - 6) + (1 - -6).
6
Evaluate -1 - ((18 - -8) + -19).
-8
Evaluate (-25 - (-8 + -5)) + 32 + 1.
21
Calculate 19 + (3 - 53) + 29.
-2
Evaluate -1 - -13 - (-36 + 12 - -34).
2
Evaluate -11 + -11 + (0 - -11) + 1 + 8.
-2
What is 6 - -5 - ((-6 - -14) + 1)?
2
Evaluate -2 + -2 - (-1 - -2) - 4 - 5.
-14
-4 - -12 - (13 + (0 - -7) + -28)
16
(8 + -8 - -8) + (11 - (9 - -3))
7
Calculate (-20 - 2) + -334 + 318.
-38
What is the value of 2 - -11 - (-4 - (5 - 2 - 10))?
10
Calculate -3 + 28 - (30 - 16).
11
-49 + 81 + -30 + 1 + -3 + -14
-14
Evaluate -1 - -2 - (81 - 85).
5
-9 + (-7 - (14 + -21))
-9
What is 7 + (-8 - 6) + 5?
-2
What is the value of -2 + (-1 + 4 + 0 - (-72 + 70))?
3
Evaluate (10 - (-5 + -7)) + (-5 - -1) + 10.
28
Evaluate 22 - (19 + -7 + -8) - 40.
-22
Calculate -3 - -18 - (10 + -1 - 4 - 6).
16
Evaluate (39 - 20) + -27 - (-2 + -14).
8
Calculate -1 - (-6 - (11 + (3 - 15))).
4
Evaluate 17 + -1 + -5 + 0 - (10 - 13).
14
Calculate 21 - 3 - (20 + -2 + -7).
7
Calculate 16 + (-12 - 4 - -16).
16
Evaluate (-9 - -22 - (34 + -16)) + (1 - -21).
17
Calculate (-1 - 1) + 1 - (-17 + 11).
5
2156 - 2154 - (0 + (0 - -4))
-2
2 + 0 + -15 + 1
-12
-7 - ((6 - (2 + -10 + 18)) + -16)
13
-26 + 9 - (42 - 49)
-10
Calculate 1 - (-3 - 6 - 2).
12
-2 + -2 - (-70 - -89)
-23
-45 - (-19 + (-9 - (0 + -10)))
-27
Calculate 16 - ((0 - -16) + -107 + 78).
29
Evaluate 13 + (3 - 32 - (29 - 34)).
-11
Calculate 22 - (-11 - ((-17 - 10) + 18)).
24
What is the value of 10 + 2 + 17 - 17?
12
What is the value of 202 + -215 - (1 + -14)?
0
What is -37 + 25 + -8 - 6?
-26
Evaluate (3 - -2) + (-231 - -229).
3
Evaluate 1 + -7 - (217 - 210).
-13
What is the value of -12 + (-6 - 4 - -9) + -1?
-14
Calculate 8 + 9 - 7 - 16.
-6
Calculate (38 - ((-11 + 4 - 0) + 17)) + -1.
27
What is the value of -26 + (-13 - (1 - 11)) + (2 - -2)?
-25
What is the value of -25 - (-13 + 1) - 2?
-15
Evaluate 11 + (-33 - (-17 - ((-15 - -8) + 1))).
-11
What is 22 + -7 + 7 - 7